
What is (-15 - (-27 - (-13 + 21 + -2))) + -85?
-67
What is the value of -71 + (-32 + 17 - -2) - 21?
-105
What is the value of (6 + -10 + -33 - -10) + 11 + -20?
-36
What is the value of 13 - (-11 - -3 - (-15 + 4))?
10
Calculate (0 - (-2 + -20)) + (-73 - 134 - -204).
19
Calculate 18 + 33 + 0 + -70.
-19
What is the value of -79 + -5 - (-2 - (-34 - -17)) - (-6 - 2)?
-91
-17 + (-4 - 103) - (-20 - -23)
-127
What is the value of 41 - (-5 - 14 - -7)?
53
What is -6 + (10 - (13 - 8)) + -5 + 17?
11
Evaluate (-1 - (-15 + 97) - -7) + 12 + 14.
-50
What is the value of (1 - 3 - (-16 + 8)) + -10 + -5 + -1?
-10
Calculate (0 - 5) + (-8 + (-7 - -4) - (-11 + 3)).
-8
Calculate (-48 - (-106 - -48)) + -3 + -7.
0
What is 823 + -778 + (9 - (10 + -11))?
55
6 + 35 + -10 - (44 - 41)
28
What is the value of -1 - 10 - (-154 - (70 + -79))?
134
What is the value of 41 - 1 - (-27 + 48 - 43)?
62
What is -176 + 17 + 142 + 74 + 1?
58
Evaluate 55 - 57 - (49 - (7 - (7 + -8))).
-43
What is the value of (35 - 16) + (-14 - (-34 + 11))?
28
What is -8 + (-2 - (-12 - -12 - 1)) + 19?
10
Calculate 13 + -27 + 105 - 114.
-23
53 + 42 + -78 + -37
-20
What is 52477 - 52469 - (-109 - (-1 + -1))?
115
4 - -2 - (1 - 10 - (27 + -22))
20
0 + -81 + (381 - 417 - (0 - 21))
-96
-38 + (27 - (-32 + 27))
-6
(66 - 4) + 2 + (14 - 12 - 6) + -8
52
-5 - (-4 - ((24 - 6) + -15 + 27))
29
What is the value of 0 + (3 - 1 - 2) + (4135 - 4204)?
-69
Calculate 8 - ((84 - 86) + 50).
-40
Evaluate -71 + -17 - (5 - 14 - -8) - (-4 - 0).
-83
Evaluate 0 + 1 - (1 + -51) - (-69980 + 69969).
62
(-14 - -64) + 26 + -46
30
(56 - 1) + -4 + -3 + -2 + -133 + 151
64
28 + -4 + -2016 + 2048
56
Evaluate (-59 - (-58 + 26)) + 69.
42
Evaluate -84 + (91 - -28 - 73).
-38
Calculate -108 - ((-104 - -8) + -56).
44
16893 - 16840 - (50 + 1)
2
What is -493 + 533 - (3 + (-1 - -2))?
36
6 + (-18 - (3 - 1)) + 6 + -618 + 585
-41
What is the value of 18 - (-15 - (-3 - 8) - 14) - (-1 - 6)?
43
What is the value of (-78 - (-92 - -38)) + (-1 - 2)?
-27
Calculate -14 + 7 + 7 - 0 - (8 - (3 - 2)).
-7
What is (6 - (16 - 15)) + -4 - (48 - 0)?
-47
What is the value of 0 + (13 - -1 - (-9 + 33)) - (-10 - 7)?
7
-9 + (-6 - -99 - 99)
-15
39 + (-37 - 22) - -51
31
What is 153 + -150 + (-36 - 4) + -5 + -1?
-43
What is the value of -34 + -14 + 0 + (-5 + 7 - -6) + 5?
-35
Calculate -5 - (-4 + 12 - (-4 + -33)) - (12 + -1).
-61
(-26 - -3) + (-1 + 6 - 10) + 9
-19
Calculate -7 + (-14 + -21 + -28 - 2).
-72
Evaluate (-18 - -4) + -39 + (-8 - (2 + -1 + 1)).
-63
What is (731 - 706) + (38 - -1 - -2)?
66
Calculate -170 + 156 - (2 - -28).
-44
Evaluate 39 + (-2 - 3) - (3 + -5 + (3 - -9)).
24
Calculate -7 + 62 + (25 - 14) + -11 + -3.
52
128 - 192 - (-27 - 120)
83
-4 + 3 + (2 - (6 - 0)) + 3 + -2
-4
What is the value of (48 - 4) + (-330 - -310)?
24
What is 42 - -1 - (-2557 + 2595)?
5
Calculate -48 + -1 + 4391 + -4400.
-58
Calculate 1 + -4 + (11 - -18 - 1).
25
-22 - (142 - 48 - 72)
-44
Calculate (-84 - (17 + (-44 - -19)) - -22) + 2 + 4.
-48
What is 0 + (2 - -1) + (-88 - -119) + -13?
21
What is -40 - 38 - -12 - (-21 - -45)?
-90
Evaluate (-2841 - -2841) + (0 + 15 - 1 - 1) + -68.
-55
What is (-32 - -46) + (-14 - (26 + -9 + 12))?
-29
What is 1 - -2 - 52 - (-9 - -31 - 33)?
-38
What is the value of -54 - ((35 - 14) + (20 - 2))?
-93
What is (58 - 64) + -8 + -1 - 1 - -78?
62
Calculate 5 + 48 + (42 - 43) - -14 - 12.
54
-9 + 8 + 45 - ((-8 - -13 - 5) + -6)
50
What is (-5 - -2 - (50 + -42)) + (-58 - -2)?
-67
-3 - -1 - -27 - (59 - 55)
21
(51 - 3) + -31 + -8
9
(78 - (-50 + 172)) + 108
64
Evaluate -66 + (-17 - -98) + -33.
-18
What is the value of -7 - -32 - (9 + -36 + -27)?
79
What is 31 + -31 + (22 - 3) - 76?
-57
What is (15 - 81 - -46) + -38?
-58
Calculate (29 - (4 - -7) - 14) + 27 + 0 + -2.
29
2 + (-3 - -1 - -3) + 9 + -3
9
What is the value of -3 - (-2 + 23) - (-107 - -100)?
-17
What is the value of 8 - (13 - (-4 + 5 + (6 - -4)))?
6
Evaluate -15 - 0 - (7 + -12 + 12) - (-10 - -7).
-19
What is the value of (2056 - 2016) + -71 + -1?
-32
What is 26 + -29 + (-1 - 2) + -33 + -10?
-49
Calculate -28 + (-12 - (3 + -31)) - (-19 - 0).
7
What is 36 + (0 - (-2 - -2)) + -2 + (530 - 537)?
27
Evaluate -10 + 1 + 19 + 24 + 14 + 0.
48
Calculate -16 - (-75 - (-13 + -19 + 17 - -25)).
69
Evaluate (8 - 43) + 1 + -41 - -1.
-74
Calculate (30 - 44) + -1 + 14 - -1 - (2 + 4).
-6
(85 + -19 - 32) + -52
-18
(-935 - -853) + (-2 - -59)
-25
13 - (1 + (-3 - 20) - -10)
25
Calculate 85 + -2 - 0 - (39462 - 39500).
121
Evaluate -29 - 8 - -52 - (1 + 42).
-28
Evaluate -5 + -5 + 24 + (-33 - -64 - 30).
15
-79 - (-49 - 126) - 108
-12
-13 + 3 + (26 - (-4 - -1 - -110)) + -6
-97
Calculate -46 + 35 + 2 - 35.
-44
-2 + -56 + (3772 - 3700)
14
What is the value of -76 - (3 + -27) - (-2 - -29)?
-79
Evaluate -3292 + 3314 - (81 - -1).
-60
775 - -71 - 852 - (-138 - (-1 + 1))
132
Evaluate (-4 + -1 - 8) + (3 - (-46 + -1)).
37
Evaluate -44 - (58 + -12 + -60).
-30
Evaluate 19 - 25 - ((-12 - (-15 + 20)) + -3).
14
-1294 + 1237 - (-10 + 2)
-49
What is 30 - (18 - (24 + (3 - 10)))?
29
Evaluate (-2 + 3 + -1 + 12 - (-26 - -24)) + -7.
7
15 + (2 - 69 - (-34 - -31))
-49
Calculate -2 + (-1 - -30 - ((-11 - -39) + -16)).
15
What is the value of (-570 - -578) + -37 + 7?
-22
Evaluate -30 - (421 + -414 - (1 + -13)).
-49
What is -154 + -60 + 87 - -55?
-72
Calculate 1 - 1 - (55 - 74 - (-19 + 15)).
15
What is the value of (8 - 1) + (-151 - (-7 - 88))?
-49
What is (-7 - (0 + 0)) + (121 - (220 - 132))?
26
What is the value of (34 - 19) + (-3 - (-1 + 1 - (19 - 24)))?
7
What is the value of -6 + (25 - (137 + -44))?
-74
Calculate 9 - (-1 + (11 - (12 - 3))) - 49.
-41
31 - (39 - (-5 + 27) - 5)
19
Calculate 11 - (10 + (-6 - 15) + 22).
0
Evaluate 82 + -20 + -179 - -209.
92
-14 - ((4 - -2) + -5) - (-12 - -9) - -32
20
17 + (30 - 25 - (-61 + 45))
38
What is -3 - 7 - 6 - (-1 + -29 + -2)?
16
4 + 67 - 0 - (2 - (2 + 0) - -2)
69
What is (27 - 27) + -4 + 2 + 2 + 44 + 0?
44
Evaluate 52 - (7 - -34 - -3).
8
-3 + 10 - (15 + 0 + -27 + 19 - 14)
14
Evaluate -14 - (48 + (-10 - (-10 - (5 + 12)))).
-79
Evaluate (-11 - -35) + (-6 - (-1 + 6 - (0 - -9))).
22
What is the value of -30 + 35 + 17 + -50?
-28
Evaluate (-11 + -9 + 8 + 12 - -2) + -27 + 8.
-17
12195 + -12176 + (-2 - -1) + 44
62
What is the value of (-6 - 7) + 0 + (-23 - -81)?
45
Evaluate 15 - (-54 - (-22 + (-5 - -1))).
43
What is the value of 84 + -50 + -57 - -18?
-5
What is the value of -1429 + 1411 - ((-3 - -40) + 0)?
-55
What is the value of -7 - ((-14 + 1 - (-18 - -18)) + -222 + 216)?
12
What is 2134 + -2187 - (-54 + 5)?
-4
Calculate -72 - (5 + -65) - (4 - (-55 + -6)).
-77
-26 - (43 + -87 - (21 - -34))
73
(55 - (67 - 39)) + -27 + 12
12
What is the value of (3 - -95 - 7 - -10) + (23 - 43)?
81
Calculate -22 + -2 + 38 + -19.
-5
21 - 3 - (3 + 30 - 64)
49
-14 - (-90 - (-27 + 26 + -8))
67
Calculate (-20 - -3) + (201 - 161).
23
What is 48 - (7 + 11 + (-49 - -31))?
48
Calculate -52 + 9 + 5 + -5 + 14.
-29
Evaluate -62 - 0 - (1507 - 1529).
-40
Evaluate -8 - ((-45 - 3) + 9) - (-5 + (7 - 6)).
35
What is the value of -12 + -10 + 18 - 14 - 23?
-41
-451 + 448 + (-8 - 1) + (5 - 1) + -69
-77
(14 - -10 - -18) + (10 - 33)
19
Evaluate 4 + -27 - -30 - (-1 - (67 - 1) - 7).
81
What is (-96 - -48 - -22) + -16 - -27?
-15
34 + (-92 - -40) + 118
100
29 + (-101 - 60) + 26
-106
-29 + 42 + (23 - -90) + 9
135
Evaluate -7 + -26 - (-24 + -3 - 2).
-4
Calculate (-7 - 23) + 0 + 39 + (12 - 0).
21
What is the value of (-20 - 3) + (52 + 11 - -11)?
51
What is the value of -27 + -15 + 188 + -124?
22
What is 96 + -81 + -15 + 2 + 55 + -2?
55
Evaluate -85 + 83 - (-8 - 32).
38
9 + -2 + (5 + -3 + -3 - -3) + 78
87
What is the value of -4 + 27 + -17 + 46 + (15 - 8)?
59
Evaluate -74 + 30 + 45 + -120.
-119
Evaluate 22 + -5 + (-26 - -9) - (76 - 2).
-74
Calculate (5 + 1 - (-9 + -18 + 42)) + 14.
5
26 - (10 - (-16 + 41) - (-8 + 2))
35
Evaluate (400 + -409 - (-20 - (1 + -2))) + -47.
-37
-4 + -13 - (74 + -87) - -7
3
What is 42 + (-51 - -15 - 42)?
-36
-3 + 0 + -15 + -1 + -39 + 30
-28
What is (14917 - 14915) + (3 - (32 - 3 - -2 - 3))?
-23
What is 3 - (13 + -7) - (0 + 1 + 6 + 44)?
-54
What is 69 - (178 + -56) - (7 + -3 - 19)?
-38
(9 - 21) + (-2 - (-30 - -5) - -32)
43
What is the value of 187 - 184 - (-2 + 2 + 19)?
-16
Evaluate -2 + 11 - (-2 + -13 + (10 - 1) + -11).
26
-81 + 21 + (0 - -4) + 2 + -23
-77
Wh